o base 4.
-23321121
What is -34215 (base 6) in base 13?
-227c
Convert 122001 (base 3) to base 16.
1cc
Convert 383 (base 16) to base 6.
4055
What is -350 (base 9) in base 3?
-101200
What is 12333203 (base 4) in base 10?
28643
Convert -62822 (base 9) to base 2.
-1010001000010100
204022 (base 7) to base 13
12c16
What is -4925 (base 10) in base 16?
-133d
Convert 102020012 (base 3) to base 5.
230221
Convert 1421 (base 9) to base 12.
754
2001121 (base 3) to base 2
10111011101
4b2b (base 16) to base 13
89b3
What is -143214 (base 8) in base 3?
-2120201112
51030 (base 6) to base 2
1101000111010
What is -6741 (base 12) in base 6?
-124521
11032 (base 12) to base 13
a31c
What is -494 (base 11) in base 7?
-1466
Convert 1152 (base 10) to base 3.
1120200
What is -1473c (base 15) in base 12?
-32079
Convert -31b (base 15) to base 11.
-588
-5c (base 15) to base 10
-87
4b (base 12) to base 8
73
1340 (base 8) to base 13
448
62513 (base 8) to base 10
25931
Convert -440401 (base 5) to base 8.
-35375
12221101 (base 3) to base 6
32014
Convert 3b03 (base 16) to base 14.
5711
-1000001000110000 (base 2) to base 13
-12229
Convert 223 (base 5) to base 14.
47
-3142 (base 11) to base 12
-24a8
Convert -8440 (base 11) to base 12.
-6574
What is -387 (base 10) in base 9?
-470
431413 (base 5) to base 11
aa80
Convert 4111 (base 5) to base 7.
1356
Convert -306d (base 14) to base 6.
-102321
-dbb2 (base 16) to base 8
-155662
Convert -18742 (base 10) to base 13.
-86b9
Convert 60569 (base 10) to base 8.
166231
What is -1 (base 4) in base 3?
-1
10021110 (base 3) to base 11
1881
Convert 112221 (base 3) to base 2.
110010011
Convert -646 (base 8) to base 4.
-12212
-1c0 (base 13) to base 2
-101000101
-32102 (base 5) to base 15
-987
What is -6d64 (base 16) in base 14?
-a2c4
Convert -737 (base 10) to base 2.
-1011100001
Convert -2754 (base 16) to base 9.
-14726
What is -299 (base 10) in base 11?
-252
What is -101402 (base 5) in base 7?
-12526
What is 684 (base 10) in base 5?
10214
Convert 5086 (base 12) to base 16.
2226
-110001000000 (base 2) to base 3
-11022011
What is -142 (base 16) in base 12?
-22a
b76 (base 16) to base 11
2228
Convert 109d8 (base 15) to base 9.
80445
What is -6412 (base 7) in base 6?
-14251
1004 (base 9) to base 4
23131
Convert -320 (base 7) to base 9.
-188
What is -63b (base 13) in base 2?
-10000101000
Convert 4120 (base 10) to base 6.
31024
Convert 7428 (base 10) to base 6.
54220
796b (base 12) to base 7
54200
-18a11 (base 13) to base 14
-13613
Convert -2405 (base 6) to base 14.
-2d7
-152 (base 8) to base 7
-211
3d1a (base 15) to base 10
13075
What is 31221 (base 4) in base 13?
522
What is -22486 (base 9) in base 15?
-468c
4213 (base 5) to base 3
202200
6735 (base 8) to base 5
103144
-f6a (base 16) to base 13
-1a47
Convert -1986 (base 15) to base 10.
-5526
What is 2a22 (base 11) in base 15?
124b
342 (base 5) to base 16
61
-45e (base 15) to base 4
-33131
What is -2011 (base 3) in base 11?
-53
Convert 1a4 (base 14) to base 10.
340
What is -22600 (base 7) in base 16?
-1696
Convert 605 (base 10) to base 7.
1523
Convert -22 (base 8) to base 6.
-30
What is 2451 (base 12) in base 16?
ffd
-200 (base 9) to base 10
-162
Convert 3a82 (base 16) to base 11.
10287
-11020101 (base 3) to base 8
-6020
-801 (base 14) to base 15
-6e9
What is 1000011001111000 (base 2) in base 10?
34424
Convert 825 (base 16) to base 13.
c45
Convert 430b (base 16) to base 14.
637d
-204 (base 14) to base 6
-1500
What is -20322 (base 5) in base 9?
-1745
What is 24706 (base 8) in base 5?
320234
Convert -11111011100100 (base 2) to base 8.
-37344
Convert 1111101001 (base 2) to base 14.
517
What is -1011010110011010 (base 2) in base 16?
-b59a
What is -1212221212 (base 3) in base 8?
-110434
Convert 2011 (base 5) to base 10.
256
Convert -304013 (base 5) to base 4.
-2122123
Convert 171 (base 13) to base 11.
218
4251 (base 10) to base 12
2563
What is 6c50 (base 14) in base 7?
106030
What is -5130 (base 8) in base 2?
-101001011000
Convert 12c90 (base 13) to base 7.
204222
Convert -6999 (base 11) to base 13.
-4245
Convert -343 (base 10) to base 13.
-205
What is 2132 (base 8) in base 12?
78a
1022201 (base 3) to base 9
1281
Convert 11201121 (base 3) to base 13.
1750
Convert -76a (base 11) to base 12.
-64b
What is -e2c (base 16) in base 7?
-13402
272 (base 14) to base 11
408
Convert -10022011002 (base 3) to base 8.
-176737
What is 10330032 (base 4) in base 10?
20238
-1b32 (base 16) to base 10
-6962
What is 12bb (base 12) in base 6?
13555
-2000102120 (base 3) to base 6
-503410
122212 (base 5) to base 7
16436
What is -2120 (base 4) in base 14?
-ac
Convert -16112 (base 7) to base 10.
-4517
Convert 1111010011 (base 3) to base 14.
a92d
What is 65 (base 14) in base 10?
89
Convert -4573 (base 10) to base 4.
-1013131
1782 (base 10) to base 12
1046
-306c (base 16) to base 4
-3001230
What is 1320b (base 12) in base 8?
63153
What is -1891 (base 13) in base 9?
-5024
What is 2615 (base 7) in base 13?
5b4
What is -1111010 (base 2) in base 11?
-101
Convert -1102001000 (base 3) to base 13.
-c810
Convert 2a309 (base 11) to base 4.
22133110
1275 (base 13) to base 7
10446
-13646 (base 11) to base 4
-10233102
What is 7ad4 (base 15) in base 7?
136006
Convert -1756 (base 13) to base 6.
-23551
Convert 14626 (base 7) to base 9.
5541
Convert -376a (base 14) to base 5.
-302243
-d9 (base 16) to base 11
-188
11000101111 (base 2) to base 13
94a
Convert -560 (base 7) to base 16.
-11f
What is -2366 (base 7) in base 12?
-615
What is 12622 (base 7) in base 13?
1714
-60d (base 16) to base 4
-120031
Convert 54 (base 16) to base 11.
77
10123 (base 7) to base 9
3341
Convert -221011 (base 3) to base 2.
-1010100111
7703 (base 8) to base 14
1683
What is -68308 (base 10) in base 6?
-1244124
435 (base 15) to base 13
581
101111100000000 (base 2) to base 11
172aa
Convert -1000 (base 2) to base 13.
-8
3016 (base 7) to base 12
72a
What is -a23 (base 13) in base 16?
-6b7
6aa (base 15) to base 9
2057
Convert 90a (base 15) to base 7.
5635
Convert 2010 (base 4) to base 13.
a2
-1100020 (base 3) to base 12
-696
Convert 1a397 (base 12) to base 8.
113243
Convert 12 (base 12) to base 4.
32
-2211201 (base 5) to base 6
-453153
Convert -2145 (base 6) to base 9.
-612
18101 (base 10) to base 8
43265
Convert -96a1 (base 16) to base 6.
-454305
What is 222010212 (base 3) in base 6?
224122
34325 (base 9) to base 13
a53b
Convert 8b97 (base 12) to base 13.
70b1
-11020 (base 4) to base 10
-328
110011100 (base 2) to base 11
345
12646 (base 10) to base 16
3166
What is 13461 (base 7) in base 13?
1893
What is 57b (base 16) in base 3?
1220222
Convert -1170 (base 13) to base 11.
-1934
Convert -10441 (base 6) to base 7.
-4162
Convert 56fe (base 16) to base 13.
a1a1
Convert -333221 (base 4) to base 7.
-14606
Convert -1046b (base 12) to base 8.
-51623
What is -10100100010011 (base 2) in base 9?
-15373
326 (base 16) to base 9
1085
What is 127 (base 9) in base 11?
97
What is 34303 (base 5) in base 7?
10103
Convert -2358 (base 12) to base 5.
-111311
-44b (base 14) to base 7
-2324
Convert 11111010100011 (base 2) to base 8.
37243
What is 4b3 (base 16) in base 14?
61d
2222233 (base 4) to base 10
10927
What is -492 (base 13) in base 14?
-40b
-443 (base 7) to base 8
-343
1121512 (base 6) to base 9
86688
What is -337 (base 8) in base 11?
-193
What is -168 (base 16) in base 15?
-190
-11211000 (base 3) to base 7
-13143
Convert 4d1 (base 14) to base 6.
4251
Convert -5 (base 13) to base 14.
-5
Convert 170 (base 16) to base 14.
1c4
What is 1aa (base 11) in base 3?
22221
267 (base 10) to base 11
223
Convert 13406 (base 8) to base 13.
28b5
Convert 1024420 (base 5) to base 9.
25877
-1ab5 (base 14) to base 5
-123423
What is -2274 (base 10) in base 14?
-b86
-4345 (base 13) to base 15
-2b87
What is 34a (base 12) in base 3?
200011
Convert -10002120 (base 3) to base 8.
-4320
Convert -1101000010011 (base 2) to base 3.
-100011020
What is 5b50 (base 16) in base 8?
55520
22819 (base 13) to base 7
351232
What is 243352 (base 7) in base 2?
1010110110001111
8a0 (base 11) to base 7
3100
What is 310 (base 12) in base 11?
374
What is 11111100110 (base 3) in base 2?
10101100110010000
11ab (base 13) to base 3
10102212
Convert -1500 (base 9) to base 5.
-14014
Convert -26b (base 16) to base 8.
-1153
741 (base 10) to base 4
232